in base 11?
-107911
Convert 5733174 (base 8) to base 9.
2827665
Convert 34333401 (base 6) to base 11.
660243
Convert 5943b (base 14) to base 11.
139550
Convert 8958 (base 15) to base 4.
13012310
7343055 (base 8) to base 12
7a1265
What is 27a09a (base 15) in base 12?
77b724
Convert -23203130112 (base 4) to base 16.
-2e3716
Convert 253201654 (base 7) to base 5.
13101101204
-1321641 (base 7) to base 15
-36643
What is 325066 (base 8) in base 16?
1aa36
-424a058 (base 12) to base 2
-101111110101111111000100
Convert 13323401 (base 7) to base 9.
2278242
Convert c78cdd (base 14) to base 8.
31572243
-4814a (base 11) to base 5
-4210022
1000000100100100 (base 2) to base 4
20010210
Convert -222131220 (base 4) to base 12.
-847a0
What is -10035441 (base 6) in base 2?
-1000101100110010001
Convert -10101100111111110 (base 2) to base 11.
-60602
What is -12012212010 (base 3) in base 10?
-102684
Convert 1403432 (base 5) to base 16.
6fc9
-541030 (base 6) to base 8
-126412
What is 1003131332 (base 4) in base 15?
56d35
1110010001110010011001 (base 2) to base 13
a10824
What is -4033452 (base 6) in base 15?
-3ba5b
Convert -1020001120212 (base 3) to base 6.
-21540252
-41371 (base 14) to base 11
-a8034
What is 477ac (base 13) in base 16?
1ff84
What is -201111031 (base 4) in base 10?
-136525
Convert 12454434 (base 10) to base 12.
4207516
-14142240 (base 5) to base 4
-203302022
What is -3745026 (base 10) in base 4?
-32102110002
-118456 (base 9) to base 5
-4244232
What is 111001101000111 (base 2) in base 3?
1111111000
Convert 1100011111001101000011 (base 2) to base 16.
31f343
-12022220021 (base 3) to base 9
-168807
Convert 3266466 (base 7) to base 14.
a6d6d
Convert 572540 (base 8) to base 14.
50932
-1772057 (base 8) to base 9
-874031
Convert -13916457 (base 10) to base 6.
-1214140013
Convert 2c35e9 (base 15) to base 13.
59b02c
-93477 (base 15) to base 6
-14000534
Convert -5476 (base 13) to base 16.
-2dee
Convert 420d0 (base 16) to base 11.
17529a
15423545 (base 6) to base 2
10000101101110111001
What is 3d1836 (base 14) in base 16?
204e78
32139c (base 14) to base 15
236cd4
Convert 136381 (base 11) to base 13.
761a4
What is -1480018 (base 9) in base 5?
-202221032
Convert 20211012220012 (base 3) to base 7.
42551225
Convert -1144325 (base 6) to base 8.
-166275
-1135334 (base 6) to base 9
-100584
Convert 100011001001110001 (base 2) to base 12.
6b3a9
Convert 21364053 (base 7) to base 8.
6770074
-2210000201101 (base 3) to base 11
-919559
What is -110010111001001000 (base 2) in base 8?
-627110
What is 779b (base 13) in base 8?
40462
1000111000110100 (base 2) to base 3
1211221022
100111100110110010 (base 2) to base 6
3251014
Convert -3431314 (base 6) to base 8.
-526276
Convert 3620214 (base 7) to base 13.
130a28
What is -11122078 (base 9) in base 2?
-10100100011011101001110
Convert -236a43 (base 14) to base 11.
-756696
7ac32 (base 14) to base 7
2352662
-68076a (base 12) to base 9
-3110041
-1b986 (base 13) to base 12
-2755b
Convert 14232150 (base 7) to base 14.
26aad0
What is 12043422 (base 5) in base 3?
12201010120
-104022535 (base 7) to base 4
-113303232010
Convert -553361 (base 11) to base 7.
-10335001
What is 1d536 (base 16) in base 8?
352466
Convert 77421 (base 10) to base 2.
10010111001101101
Convert -557716 (base 9) to base 4.
-1101132213
-1630a6 (base 16) to base 7
-15234533
Convert -247155 (base 8) to base 6.
-1500205
-2dc894 (base 14) to base 11
-9aa418
Convert 240353 (base 8) to base 11.
567a7
Convert -1053945 (base 10) to base 3.
-1222112202000
Convert 2858105 (base 11) to base 13.
10314b1
What is -10cc2c (base 15) in base 8?
-3037471
What is 453352512 (base 6) in base 13?
1942880
Convert 1b38 (base 12) to base 16.
d1c
-421443310 (base 5) to base 8
-6531506
Convert 1862215 (base 10) to base 13.
502804
1413520 (base 8) to base 13
10c906
Convert 29051 (base 13) to base 16.
12ca1
412443243 (base 5) to base 4
12123330123
What is 131352 (base 7) in base 12?
12249
11100010111110000 (base 2) to base 12
57300
What is 305208 (base 11) in base 9?
826208
What is 31aeb2 (base 16) in base 3?
20010102101002
What is 76014 (base 11) in base 5?
12013423
Convert -12221022100 (base 3) to base 7.
-664500
-347e91 (base 15) to base 4
-21210030100
What is 104410204 (base 6) in base 14?
375d48
Convert 621753 (base 9) to base 16.
5a078
Convert 796890 (base 10) to base 16.
c28da
What is -22452273 (base 8) in base 4?
-102211102323
What is -10814 (base 13) in base 6?
-350322
24131114 (base 5) to base 3
102101010221
Convert -70993b (base 13) to base 16.
-27fbeb
Convert 780131 (base 11) to base 10.
1244640
-224222 (base 8) to base 16
-12892
What is 3773069 (base 10) in base 16?
39928d
What is -1122102122012 (base 3) in base 14?
-18a9cb
What is 32132101 (base 4) in base 3?
10000022121
Convert 1611435 (base 8) to base 13.
133060
What is -10959d (base 15) in base 9?
-1435064
123000312 (base 4) to base 10
110646
Convert -68800 (base 9) to base 16.
-b316
Convert -1c0a1 (base 15) to base 8.
-262214
Convert -25340060 (base 7) to base 12.
-928432
-2001101202 (base 3) to base 4
-21313001
Convert -a0b06 (base 13) to base 11.
-186a91
Convert -75cb (base 13) to base 15.
-4ccb
What is 723556 (base 8) in base 3?
110011111021
Convert -56d64 (base 16) to base 10.
-355684
Convert -16455325 (base 7) to base 12.
-658047
Convert 1732757 (base 10) to base 7.
20504525
Convert 61120 (base 10) to base 16.
eec0
What is a0386b (base 15) in base 6?
431003532
-173582 (base 10) to base 5
-21023312
20410441 (base 5) to base 4
221120120
Convert -12452266 (base 8) to base 10.
-2774198
Convert -24210 (base 16) to base 7.
-1154304
3176607 (base 8) to base 9
1536727
What is -1c2532a (base 13) in base 16?
-8eaf3f
Convert 370244 (base 9) to base 16.
3682c
What is -5aa6b0 (base 15) in base 16?
-4232d6
-33687 (base 13) to base 8
-266327
What is 1c437b2 (base 13) in base 10?
9404488
What is -1a81ad (base 15) in base 8?
-4735325
What is -d13d9a (base 14) in base 12?
-2436818
What is -4b612 (base 14) in base 4?
-231023100
14d65 (base 16) to base 15
1a44e
-189690 (base 10) to base 13
-68457
1201503 (base 7) to base 4
211010232
What is -14724553 (base 9) in base 11?
-4162635
Convert 2c7d45 (base 15) to base 8.
10154641
What is 1211220014 (base 5) in base 13?
7838b9
Convert 3161d6 (base 15) to base 11.
1365182
-5fbfe2 (base 16) to base 12
-2127482
What is -164626 (base 8) in base 4?
-32212112
37590 (base 13) to base 7
603306
-10110201021 (base 3) to base 14
-1ac7b
What is -10000110111011001 (base 2) in base 6?
-1251453
Convert 6a5024 (base 13) to base 4.
21220103133
-249a7b (base 12) to base 13
-17c087
-100000110111001100001010 (base 2) to base 10
-8614666
201321 (base 5) to base 10
6461
21033301 (base 6) to base 2
10010101001101100101
Convert -35017 (base 8) to base 15.
-460d
What is 29032 (base 15) in base 8?
401130
What is 81457 (base 11) in base 14?
31525
What is 29ac528 (base 13) in base 5?
11401324413
What is -3022232 (base 6) in base 14?
-3a204
23132213012 (base 4) to base 14
5847c2
-17721 (base 11) to base 4
-12003330
-575765 (base 8) to base 9
-327243
-14d1a (base 16) to base 8
-246432
12141 (base 12) to base 11
17359
28aa1 (base 14) to base 8
305025
450111 (base 10) to base 13
129b4c
33586 (base 9) to base 6
251253
Convert -776276 (base 14) to base 12.
-1434154
1115676 (base 9) to base 13
180891
Convert 79334 (base 12) to base 5.
20124201
10110011001111010101 (base 2) to base 7
6145265
What is -54070b (base 14) in base 12?
-b51b1b
Convert -1044341320 (base 5) to base 16.
-23b572
What is 122a398 (base 11) in base 15?
2c3185
3602417 (base 8) to base 9
1760225
Convert -20122001112 (base 4) to base 9.
-4127853
Convert 603765 (base 9) to base 10.
357107
Convert -4b81653 (base 12) to base 3.
-1000221102212100
Convert -1010111110000110010110 (base 2) to base 6.
-141345514
What is -1566c68 (base 14) in base 4?
-213323223130
Convert -12014120 (base 5) to base 16.
-1afc7
What is 33444554 (base 8) in base 16?
6e496c
What is 12222122 (base 5) in base 14?
309aa
Convert -473959 (base 11) to base 16.
-b78dd
What is -20112012011 (base 3) in base 8?
-372673
Convert -1604530 (base 7) to base 4.
-311233201
-151152345 (base 6) to base 2
-1011111110110010101001
What is 1065142 (base 8) in base 3?
112200221201
c6c18 (base 14) to base 16
75256
What is 